.
-10011111
-5 (base 12) to base 11
-5
Convert -14 (base 9) to base 6.
-21
Convert 15 (base 10) to base 15.
10
Convert -1 (base 7) to base 9.
-1
Convert -3 (base 8) to base 15.
-3
What is 11 (base 10) in base 6?
15
Convert -4 (base 8) to base 14.
-4
-13 (base 6) to base 4
-21
Convert a3 (base 14) to base 9.
168
Convert -24 (base 5) to base 10.
-14
-4 (base 16) to base 14
-4
Convert 252 (base 6) to base 10.
104
What is 314 (base 11) in base 7?
1050
33 (base 4) to base 14
11
What is 105 (base 12) in base 13?
b6
5 (base 7) to base 9
5
Convert 8b (base 14) to base 3.
11120
What is -3 (base 7) in base 4?
-3
Convert 3 (base 15) to base 11.
3
3 (base 10) to base 4
3
What is 6 (base 11) in base 6?
10
What is 120 (base 3) in base 15?
10
What is -26 (base 7) in base 10?
-20
Convert 3 (base 5) to base 3.
10
-110 (base 7) to base 12
-48
What is -100 (base 2) in base 5?
-4
What is 17 (base 14) in base 3?
210
What is -11 (base 3) in base 5?
-4
What is e (base 15) in base 5?
24
Convert 2 (base 12) to base 16.
2
Convert -121 (base 4) to base 6.
-41
What is 1100 (base 2) in base 16?
c
-41 (base 8) to base 2
-100001
What is -42 (base 10) in base 2?
-101010
Convert -1 (base 15) to base 16.
-1
2122 (base 3) to base 9
78
-26 (base 16) to base 3
-1102
What is 33 (base 11) in base 4?
210
Convert -221 (base 3) to base 8.
-31
Convert -66 (base 8) to base 9.
-60
Convert -2 (base 4) to base 13.
-2
Convert 37 (base 10) to base 15.
27
What is 224 (base 12) in base 6?
1244
What is -5 (base 7) in base 10?
-5
What is 68 (base 12) in base 4?
1100
Convert -2 (base 11) to base 9.
-2
Convert -3 (base 10) to base 4.
-3
What is 8 (base 13) in base 8?
10
What is -110 (base 5) in base 10?
-30
2 (base 15) to base 11
2
Convert -187 (base 16) to base 4.
-12013
Convert -10 (base 7) to base 11.
-7
Convert -23 (base 16) to base 15.
-25
Convert -20 (base 5) to base 3.
-101
-1 (base 13) to base 5
-1
Convert -313 (base 5) to base 16.
-53
Convert 1 (base 15) to base 4.
1
What is -27 (base 10) in base 12?
-23
What is -111 (base 3) in base 8?
-15
0 (base 5) to base 15
0
What is -233 (base 4) in base 15?
-32
What is -1101 (base 2) in base 15?
-d
-11 (base 14) to base 5
-30
What is -334 (base 6) in base 4?
-2002
Convert 2 (base 9) to base 8.
2
Convert -2 (base 13) to base 2.
-10
Convert -42 (base 6) to base 12.
-22
-10 (base 13) to base 8
-15
What is -1 (base 11) in base 15?
-1
What is 14 (base 10) in base 16?
e
-64 (base 8) to base 16
-34
-43 (base 6) to base 2
-11011
Convert 1 (base 11) to base 4.
1
What is 12 (base 3) in base 4?
11
Convert -16 (base 7) to base 2.
-1101
-40 (base 5) to base 13
-17
Convert 13 (base 8) to base 9.
12
85 (base 9) to base 2
1001101
2 (base 3) to base 15
2
What is 20 (base 5) in base 4?
22
Convert -100 (base 2) to base 15.
-4
What is 45 (base 7) in base 4?
201
What is -34 (base 6) in base 14?
-18
Convert -5 (base 7) to base 16.
-5
What is 3 (base 14) in base 4?
3
Convert 223 (base 10) to base 4.
3133
-2 (base 4) to base 3
-2
-3 (base 10) to base 11
-3
320 (base 8) to base 12
154
What is 3 (base 13) in base 16?
3
Convert 5 (base 6) to base 13.
5
143 (base 5) to base 8
60
Convert 32 (base 7) to base 11.
21
Convert 2 (base 4) to base 9.
2
Convert -1 (base 3) to base 10.
-1
What is 2 (base 4) in base 13?
2
What is -11011 (base 2) in base 9?
-30
What is 12 (base 3) in base 9?
5
3 (base 11) to base 9
3
What is -66 (base 12) in base 14?
-58
-5 (base 7) to base 5
-10
What is 66 (base 10) in base 4?
1002
What is 14 (base 11) in base 16?
f
Convert 5 (base 15) to base 7.
5
What is 169 (base 11) in base 12?
144
What is -2 (base 14) in base 16?
-2
2 (base 4) to base 12
2
0 (base 15) to base 5
0
Convert 4 (base 7) to base 9.
4
Convert 2 (base 9) to base 13.
2
What is 33 (base 8) in base 16?
1b
What is 3a (base 15) in base 6?
131
Convert -4 (base 16) to base 4.
-10
Convert 3 (base 7) to base 6.
3
2 (base 15) to base 7
2
Convert -16 (base 8) to base 10.
-14
-121 (base 11) to base 12
-100
What is -11 (base 3) in base 15?
-4
Convert 131 (base 9) to base 12.
91
Convert -6 (base 14) to base 10.
-6
What is 2 (base 16) in base 13?
2
-111000 (base 2) to base 12
-48
Convert 46 (base 7) to base 13.
28
What is -5 (base 7) in base 8?
-5
Convert -11 (base 4) to base 14.
-5
Convert -2 (base 16) to base 7.
-2
Convert 2 (base 7) to base 14.
2
10 (base 3) to base 5
3
a (base 14) to base 9
11
Convert -37 (base 9) to base 13.
-28
-4 (base 10) to base 2
-100
-20 (base 3) to base 6
-10
Convert -14 (base 14) to base 10.
-18
What is -8 (base 15) in base 6?
-12
-11101101 (base 2) to base 7
-456
-1 (base 9) to base 8
-1
What is -11 (base 9) in base 6?
-14
What is 3 (base 15) in base 14?
3
4d (base 15) to base 5
243
-10110111 (base 2) to base 7
-351
Convert -c7 (base 14) to base 5.
-1200
Convert -200 (base 9) to base 7.
-321
What is 7 (base 11) in base 10?
7
-191 (base 11) to base 16
-dd
Convert 2 (base 11) to base 9.
2
What is 20 (base 16) in base 12?
28
Convert 10 (base 2) to base 13.
2
10 (base 7) to base 8
7
-1020 (base 5) to base 4
-2013
Convert -3 (base 8) to base 14.
-3
3 (base 10) to base 7
3
What is -222 (base 3) in base 5?
-101
What is 2 (base 8) in base 15?
2
Convert 0 (base 8) to base 7.
0
-14 (base 13) to base 6
-25
Convert 1 (base 9) to base 8.
1
-4 (base 6) to base 3
-11
What is 0 (base 2) in base 11?
0
Convert -4 (base 10) to base 8.
-4
What is 12 (base 10) in base 11?
11
Convert 0 (base 8) to base 14.
0
51 (base 10) to base 7
102
Convert -4 (base 12) to base 2.
-100
18 (base 13) to base 11
1a
What is 1 (base 16) in base 7?
1
What is -1222 (base 4) in base 16?
-6a
Convert -10 (base 2) to base 14.
-2
What is -3 (base 14) in base 2?
-11
What is 25 (base 13) in base 16?
1f
Convert -3 (base 6) to base 15.
-3
What is 4 (base 14) in base 16?
4
Convert -12 (base 6) to base 16.
-8
Convert 8 (base 15) to base 3.
22
Convert 14 (base 9) to base 14.
d
-4 (base 8) to base 10
-4
1011010 (base 2) to base 12
76
What is -85 (base 10) in base 12?
-71
-54 (base 7) to base 6
-103
What is 1d (base 16) in base 13?
23
4 (base 5) to base 3
11
Convert 2 (base 12) to base 11.
2
Convert -16 (base 14) to base 10.
-20
What is 24 (base 6) in base 2?
10000
What is c (base 13) in base 5?
22
What is -31 (base 15) in base 6?
-114
11 (base 2) to base 12
3
Convert 10 (base 3) to base 2.
11
Convert -24 (base 9) to base 5.
-42
Convert 21 (base 9) to base 6.
31
What is -4 (base 5) in base 10?
-4
1 (base 3) to base 10
1
Convert 101 (base 2) to base 8.
5
21 (base 3) to base 15
7
Convert -134 (base 9) to base 11.
-a2
Convert -47 (base 16) to base 6.
-155
What is -20 (base 14) in base 9?
-31
Convert -5 (base 15) to base 10.
-5
Convert -8 (base 9) to base 5.
-13
What is -2c (base 15) in base 13?
-33
3 (base 5) to base 11
3
Convert 0 (base 7) to base 14.
0
What is -41 (base 6) in base 13?
-1c
-16 (base 7) to base 11
-12
-1100 (base 3) to base 9
-40
Convert 12 (base 6) to base 2.
1000
What is 0 (base 8) in base 16?
0
What is -12 (base 10) in base 12?
-10
Convert 7 (base 8) to base 9.
7
Convert -66 (base 13) to base 2.
-1010100
-3 (base 11) to base 8
-3
1 (base 6) to base 10
1
What is -12 (base 13) in base 2?
-1111
-4 (base 6) to base 12
-4
-20 (base 14) to base 11
-26
What is -11 (base 13) in base 9?
-15
Convert 3 (base 9) to base 11.
3
-51 (base 14) to base 9
-78
2 (base 4) to base 12
2
143 (base 5) to base 12
40
10 (base 10) to base 12
a
Convert 4 (base 9) to base 10.
4
Convert -3 (base 8) to base 3.
-10
Convert -2 (base 12) to base 3.
-2
10 (base 2) to base 12
2
Convert -120 (base 6) to base 4.
-300
What is 242 (base 6) in base 13?
77
Convert -10001000 (base 2) to base 6.
-344
What is -98 (base 11) in base 9?
-128
Convert 13 (base 5) to base 2.
1000
What is 2e (base 16) in base 2?
101110
What is 2 (base 12) in base 10?
2
What is -30 (base 8) in base 13?
-1b
Convert -79 (base 11) to base 5.
-321
Convert -75 (base 10) to base 9.
-83
What is 10 (base 2) in base 3?
2
What is 124 (base 8) in base 13?
66
What is -2 (base 10) in base 5?
-2
What is -121 (base 7) in base 8?
-100
What is 1 (base 6) in base 14?
1
Convert 13 (base 5) to base 9.
8
Convert 112 (base 5) to base 13.
26
Convert 0 (base 12) to base 14.
0
What is 13 (base 11) in base 4?
32
Convert -18 (base 12) to base 3.
-202
What is -1 (base 13) in base 11?
-1
-10 (base 9) to ba